5 - 579?
5419
In base 7, what is -50056124 + -15?
-50056142
In base 7, what is 4 - 114554634?
-114554630
In base 2, what is 11101101101011011011010000 - -10?
11101101101011011011010010
In base 11, what is -514 - 13925?
-14339
In base 14, what is -460cd5d0 + 2?
-460cd5cc
In base 14, what is -2 + -13619886?
-13619888
In base 12, what is -2146 - 68a?
-2814
In base 3, what is 2 + 20001122000101221?
20001122000102000
In base 11, what is 692 - 93a?
-258
In base 12, what is 9720 - a0?
9640
In base 14, what is -2 - -202b4260?
202b425c
In base 3, what is -10010220222 - -2122220?
-10001021002
In base 10, what is -5 - 3495297?
-3495302
In base 3, what is -1 + 12100120201001221?
12100120201001220
In base 8, what is 203031 + 124?
203155
In base 3, what is -2102221 + -20112010100?
-20121120021
In base 13, what is 3 + -22560c0?
-22560ba
In base 9, what is -25 - -112306?
112271
In base 16, what is -5 + 35134e?
351349
In base 13, what is 22338883 + -1?
22338882
In base 6, what is -43155150 + -12?
-43155202
In base 11, what is 14128a11 - -4?
14128a15
In base 11, what is 3 - 6697644?
-6697641
In base 14, what is -3980 + -423a?
-7bba
In base 3, what is 22020022 + 10120101?
102210200
In base 5, what is 22232010 - 3333?
22223122
In base 10, what is -22 - 9902468?
-9902490
In base 4, what is 3111032131210 + 11?
3111032131221
In base 7, what is -5645543 - -1?
-5645542
In base 12, what is -2005 + -100?
-2105
In base 15, what is 105a1c - 1ee?
10581d
In base 8, what is -31134 + 2660?
-26254
In base 11, what is -2501 + 19006?
16605
In base 8, what is -24 + -14516660?
-14516704
In base 12, what is 244b3a + -3?
244b37
In base 7, what is -1666620140 - -4?
-1666620133
In base 12, what is -72 - -1b94b7?
1b9445
In base 5, what is -101313200 - -11?
-101313134
In base 6, what is 2354023 + -114?
2353505
In base 8, what is -2564 + 316100?
313314
In base 3, what is 11022 + -10202022000121?
-10202021212022
In base 7, what is -6055522 - -64?
-6055425
In base 16, what is 4 + -1869c47?
-1869c43
In base 15, what is -bc0 - 20463?
-21133
In base 15, what is 137bcb7 - -b?
137bcc3
In base 3, what is 1001000011 + -22202211?
201020100
In base 5, what is 234 - -441400234?
441401023
In base 12, what is -719a + 18394?
111b6
In base 13, what is 9b0264 - -13?
9b0277
In base 12, what is 178 - -4589?
4745
In base 16, what is -f4 + -206ee?
-207e2
In base 12, what is -234b18 - -10?
-234b08
In base 7, what is -10640623 - 334?
-10641260
In base 7, what is 24664 - 55?
24606
In base 15, what is -46e - -6b56?
66d7
In base 2, what is -101100110010011101000 + -1011?
-101100110010011110011
In base 12, what is -1a80803 + -46?
-1a80849
In base 15, what is 1d244 - -3de?
1d633
In base 4, what is -122312033 - -120213?
-122131220
In base 7, what is 62 - 365660?
-365565
In base 9, what is 0 + -21172685?
-21172685
In base 4, what is -222 - -31202102322?
31202102100
In base 5, what is 131 + 442043202?
442043333
In base 8, what is 16161 + -467?
15472
In base 6, what is -153110251521 + 2?
-153110251515
In base 8, what is 11204300 - -10?
11204310
In base 12, what is 929 - a602a?
-a5301
In base 2, what is -10110101111 + 11000010100111101?
10111111110001110
In base 4, what is -233102302330310 - -1?
-233102302330303
In base 2, what is 101 + 1101100101001111110001110?
1101100101001111110010011
In base 2, what is -110 + 100001100011010010100?
100001100011010001110
In base 16, what is 7e679 + 5?
7e67e
In base 5, what is -24024230 + 40?
-24024140
In base 6, what is 30 + -545451453?
-545451423
In base 12, what is -3 - -6693b3?
6693b0
In base 10, what is -1 + 10434820?
10434819
In base 8, what is 100300 - 54?
100224
In base 4, what is -10 + -212230113233?
-212230113303
In base 15, what is -7063cd + -d?
-7063db
In base 10, what is 12486584 - 2?
12486582
In base 5, what is -1121021140 - 3?
-1121021143
In base 9, what is 73 - 228675?
-228602
In base 15, what is 2 + c37616?
c37618
In base 11, what is -1a623a03 + -1?
-1a623a04
In base 15, what is 1d8e1 - -27?
1d918
In base 16, what is ee23 - 162?
ecc1
In base 2, what is 111101011111110011000 + -10?
111101011111110010110
In base 16, what is 1c1 - 3cdd?
-3b1c
In base 12, what is -598497b5 - 2?
-598497b7
In base 4, what is 120102300121 - 32?
120102300023
In base 3, what is 11020101021 + -10201102?
11002122212
In base 7, what is -2250043302 + 0?
-2250043302
In base 8, what is -242463534 - 1?
-242463535
In base 7, what is -116466 + -1150?
-120646
In base 8, what is -2215745 - 42?
-2216007
In base 6, what is 210042 + -1511?
204131
In base 6, what is 5 + -2103241510?
-2103241501
In base 14, what is 0 - -1716ad2?
1716ad2
In base 14, what is -2a555 + 763?
-29bd2
In base 6, what is 1510 + -333453?
-331543
In base 5, what is 1244200320 + 0?
1244200320
In base 3, what is -11102120 - -10022112000?
10011002110
In base 14, what is -2 - -125aba1?
125ab9d
In base 7, what is 1316260 - -2236?
1321526
In base 7, what is 1111 + 1612221?
1613332
In base 10, what is 0 + 59220913?
59220913
In base 2, what is 10001000110000000 - -10101101?
10001001000101101
In base 7, what is 365614 - 560?
365024
In base 2, what is 10010010110001101110 - 11100?
10010010110001010010
In base 9, what is -1532213 + 4?
-1532208
In base 2, what is -10010101010110 - 11100110?
-10011000111100
In base 8, what is -16541 - 7676?
-26437
In base 7, what is -640 + 221341?
220401
In base 16, what is -80 + -39857?
-398d7
In base 2, what is 1110100110110100110111101110 - -11?
1110100110110100110111110001
In base 7, what is 3136622201 - -4?
3136622205
In base 5, what is 3342310 + -103230?
3234030
In base 3, what is 22202120001002 + -102?
22202120000200
In base 12, what is 7449b0 + 34?
744a24
In base 13, what is 47a - -9142?
95bc
In base 2, what is -110011110101000000000010 + 101011?
-110011110100111111010111
In base 12, what is -769280 - 112?
-769392
In base 8, what is 0 + -214465231?
-214465231
In base 10, what is 15 + -102461282?
-102461267
In base 7, what is 4 - -361416104?
361416111
In base 10, what is -367967 + 462?
-367505
In base 6, what is 2331430 - 122?
2331304
In base 9, what is -2 + 3803561?
3803558
In base 13, what is 422 - 2b388?
-2ac66
In base 12, what is aa7 + -4237?
-3350
In base 11, what is -81887 + -a?
-81896
In base 13, what is -1c + 30a4346?
30a4327
In base 15, what is -134 + -9e636?
-9e76a
In base 10, what is 1 - 14017849?
-14017848
In base 13, what is -11285a - -34?
-112826
In base 6, what is 1350331 - 315?
1350012
In base 15, what is -6 - -2474bc?
2474b6
In base 12, what is -10250a2 - 2?
-10250a4
In base 11, what is 13653 + -9?
13645
In base 5, what is -122 + 113033212?
113033040
In base 6, what is 111403533 + -230?
111403303
In base 9, what is -4 + 3742478?
3742474
In base 5, what is -22402033 - -31043?
-22320440
In base 16, what is 811 + 2594d?
2615e
In base 9, what is 841 - 474366?
-473425
In base 3, what is 202212 + -21211001?
-21001012
In base 14, what is 620 - 723d?
-6a1d
In base 15, what is 162 - -1a69a?
1a80c
In base 9, what is -10515312 - 5?
-10515317
In base 7, what is -45443216 - 20?
-45443236
In base 7, what is 144 + -2023026?
-2022552
In base 9, what is 18707178 + 115?
18707304
In base 4, what is -3 - -31131200120?
31131200111
In base 2, what is 111111101000101111101111000 + 11?
111111101000101111101111011
In base 5, what is 10 - 40203043311?
-40203043301
In base 11, what is a158 - -3346?
124a3
In base 16, what is b - 3cebd?
-3ceb2
In base 6, what is 3 - -3201042531?
3201042534
In base 12, what is -16112aa + 2?
-16112a8
In base 12, what is 9aab1 - -421?
9b312
In base 15, what is 786a25d - 0?
786a25d
In base 6, what is -22315022 - -13?
-22315005
In base 4, what is 13 - -323202023021?
323202023100
In base 12, what is 37130a3a + 3?
37130a41
In base 12, what is -73a613 - 53?
-73a666
In base 11, what is 820a6645 + 3?
820a6648
In base 12, what is a24 - 3058?
-2234
In base 4, what is -20102121302 + 3033?
-20102112203
In base 8, what is 1051 - -6762?
10033
In base 11, what is 20 + 143a240?
143a260
In base 10, what is 39 + 839301?
839340
In base 13, what is 100 - 112b1b?
-112a1b
In base 5, what is 10021 + 1113203?
1123224
In base 4, what is 1 - 1300021120?
-1300021113
In base 15, what is 53 + -116c6?
-11673
In base 14, what is -1 + 1b0a6363?
1b0a6362
In base 5, what is 241 + -4130431?
-4130140
In base 15, what i